et n(g) be the second derivative of -g**7/840 + g**6/40 + g**5/40 + g**4/12 + g**3/6 - 2*g. Let k(x) be the second derivative of n(x). Does 13 divide k(9)?
False
Let f = 5 + -3. Suppose c = -4*k - 4 + 191, -f*k + c = -101. Is k a multiple of 13?
False
Let s = 45 + 54. Is s a multiple of 33?
True
Suppose 2*i - 8 = 2*q + 6, -5*q = 5*i + 25. Let l(p) = -p**2 - 8*p + 3. Does 15 divide l(q)?
True
Suppose -5*w - 2*p + 10 = -7*p, 0 = -4*w - 5*p - 28. Does 21 divide (-7)/(-14) + (-125)/w?
True
Let h = 18 - 44. Let t = h - -46. Is 10 a factor of t?
True
Suppose 0 = -0*v + 3*v - 42. Let q = v + 2. Is q a multiple of 16?
True
Suppose v = -227 + 43. Is 10 a factor of v/(-18) + 12/(-54)?
True
Let t(u) = 103*u**3 + u. Is t(1) a multiple of 8?
True
Let a(v) = 6*v - 2. Let b(l) = -l**2 - 4*l + 4. Let j be b(-4). Let f be a(j). Let x = f - 13. Is x a multiple of 9?
True
Let y be (3/9 - 0)*-6. Let l(q) = -6*q - 3. Let m be l(y). Let p = m + 3. Does 12 divide p?
True
Let r(d) = -3*d + 19. Does 3 divide r(-9)?
False
Suppose 0 = -d + 16 - 11. Is d a multiple of 3?
False
Suppose v = -4*v + 55. Is v a multiple of 3?
False
Suppose -9*t + 386 = -145. Is t a multiple of 16?
False
Suppose -5*z + 2*z - 6 = 0. Let l = 14 - z. Does 9 divide l?
False
Is 25 a factor of (88/33)/(28/27 + -1)?
False
Let t = 1 - -2. Let x be (0 + 5)*(1 - -2). Suppose -t*k - x = -3*l, -4*l + 2*l + k + 12 = 0. Is l a multiple of 3?
False
Let b(t) be the second derivative of -t**3/3 + t**2 - 4*t. Is b(-4) a multiple of 5?
True
Suppose 0 = 5*a + 2*s - 5, -3*a + 4*a + 2*s + 7 = 0. Let z be (1 - a)*(-1 - 0). Is ((-3)/z)/(1/(-16)) a multiple of 18?
False
Suppose -2*o + 117 = 25. Suppose -4*d + o = -154. Suppose -3*l + d + 16 = 0. Is l a multiple of 11?
True
Let n(c) = c**3 - 7*c**2 - 6*c + 6. Is 11 a factor of n(8)?
True
Let h be (-3)/5 - (-132)/(-5). Let q = h + 45. Does 9 divide q?
True
Suppose 4*c + 4*n - 20 = 0, 0*c - 3*n + 15 = -2*c. Suppose -5*g = -c*g - 60. Is 9 a factor of g?
False
Suppose -4 = -2*x - 5*a + a, -3*x + 3*a = -15. Suppose 4*k - 3 = -5*p, -x = -3*p + 7*p. Is 10 + (-3)/(-3)*k a multiple of 11?
False
Let c = -13 - -18. Suppose -44 - 16 = -c*m. Is 12 a factor of m?
True
Suppose -77 = 3*v - 17. Suppose c + 136 = -3*c. Let j = v - c. Is j a multiple of 4?
False
Suppose -3*o - 648 = -5*t, -5*t = -0*t - o - 656. Does 12 divide t?
True
Suppose 4 = -a - 5. Does 25 divide (2 - -46) + a/(-3)?
False
Suppose 3*a - 35 = 4*a. Let t = 75 + a. Is t a multiple of 20?
True
Is 40 a factor of (2*5)/(4 + (-60)/16)?
True
Suppose q + 87 = 3*c + 2*q, -c + q = -25. Does 17 divide c?
False
Let y(s) = 3*s**2 - 3*s - 4. Let k be y(3). Suppose p + k = 3*p. Is 3 a factor of p?
False
Suppose t = -4*t - l + 838, 4*t - 2*l - 662 = 0. Suppose t = 5*a - 4*n, 6*n - n + 95 = 3*a. Is 16 a factor of a?
False
Let h = 89 - 55. Let l = 55 - h. Is 7 a factor of l?
True
Let w = -18 + 46. Is 7 a factor of w?
True
Suppose 4*j = 3*j + 136. Does 11 divide j?
False
Let u be (0/(-2))/((-6)/(-3)). Suppose -7*d + 2*d + 15 = u. Suppose -6 + 84 = d*j. Is 9 a factor of j?
False
Let t(a) = 15*a - 49. Is 11 a factor of t(15)?
True
Suppose 3*j - a = 7, -j - 3*a + 18 = 3*j. Is 3 a factor of j?
True
Is (-4)/(-3)*(4 - 182/(-4)) a multiple of 11?
True
Let m = 57 - 37. Let y = 3 - 3. Suppose -2*b + m = -y*b. Does 5 divide b?
True
Let n(h) = 4*h**2 + 4*h + 4. Let r(i) = -9*i**2 - 9*i - 8. Suppose 20 = 4*z + 5*l, 8 = -3*z + 2*l + 23. Let u(y) = z*n(y) + 2*r(y). Does 16 divide u(-3)?
True
Let n = 100 - -3. Does 13 divide n?
False
Let c(z) = -z**2 + 26*z - 63. Is c(17) a multiple of 5?
True
Let f = -4 - -2. Suppose -5*c + 57 = -3*l, -2*l + 4*l = 3*c - 37. Does 11 divide (1 + l)/(1/f)?
False
Suppose 2*x + 16 - 38 = 0. Does 22 divide x/(-4)*(-1 + -7)?
True
Let p be -2 + (-4)/((-1)/1). Is 15 a factor of p/(2/1) + 39?
False
Let w = -222 - -449. Is 39 a factor of w?
False
Let c(f) = f**2 - 10*f - 36. Is 54 a factor of c(18)?
True
Let l(y) = y - 4. Let g(f) = f - 4. Let a(v) = -7*g(v) + 6*l(v). Does 10 divide a(-13)?
False
Let p be 17/1 + 1 + 1. Is (-84)/(-35)*(p + 1) a multiple of 16?
True
Suppose 4*u - 23 = 5*y, u - 5*y + 12 = -1. Is u a multiple of 3?
True
Let j be (-38)/(-8)*(-12)/(-3). Suppose -2*r = -q + 21, -3*q - j - 6 = 5*r. Let l(h) = -h. Is l(r) a multiple of 4?
True
Suppose 0 = -l + 2*r - 7, 5*l = 4*r + 2 - 13. Let o = 3 + l. Is o a multiple of 2?
True
Let z be (-5936)/(-18) - (-4)/18. Is (-6)/(-5)*z/9 a multiple of 17?
False
Is (-1)/((-44)/40 - -1) a multiple of 8?
False
Let s(k) = k**3 - 13*k**2 + 15*k + 9. Is s(12) a multiple of 15?
True
Let s(d) = d - 5. Let i be s(5). Suppose i + 6 = 3*w. Is (-1 + 3)/w*10 a multiple of 10?
True
Suppose 3 + 1 = a. Let b = 2 + a. Does 3 divide b?
True
Let i(g) = g**2 + 7*g + 5. Let u be i(-6). Is 6 a factor of (-35 - (u + 0))/(-2)?
False
Suppose 4*z - 336 = -4*d, 4*z + d - 324 = -0*d. Does 10 divide z?
True
Let t(x) = -3*x**3 - 4*x**2 + 2*x - 5. Let n(r) = 5*r**3 + 8*r**2 - 5*r + 10. Let u = -10 + 6. Let a(q) = u*n(q) - 7*t(q). Is 10 a factor of a(4)?
False
Let h = -9 + 23. Let u = 10 + h. Is 24 a factor of u?
True
Suppose -2*y - 13 = 3*q, 5*y - 4*q + 18 = -3. Is 5 a factor of 19 + 2*(4 + y)?
False
Suppose 18 = -5*c + 3, -3*j = 4*c. Suppose 18 = 5*u - j*u. Is u a multiple of 18?
True
Suppose 3*o - 7 = 5. Suppose z - 188 = -3*z. Suppose 0 = 3*t - 5*p - 28, p + 2*p - z = -o*t. Is t a multiple of 4?
False
Let i(m) = 8 - 8 + 7*m**2. Is 7 a factor of i(1)?
True
Suppose -5*l + 1 + 14 = 0. Suppose l*o = -0*o + 114. Suppose d = -4*t + o, -d - t + 62 = d. Is d a multiple of 15?
True
Let t(z) = z**3 - 5*z**2 - 5*z - 6. Let w be t(6). Suppose -3*g + 15 + 21 = w. Does 4 divide g?
True
Suppose 0 = -x + 2, 2*z - 10 - 46 = 4*x. Let v(l) = l**3 - 7*l**2 + 7*l - 2. Let u be v(6). Suppose 0 = -u*f + 88 + z. Is 13 a factor of f?
False
Let l = -1 - -9. Let m = l - -6. Is m a multiple of 10?
False
Let o = -5 - -7. Suppose 28 = -0*v + o*v. Is v a multiple of 5?
False
Let x(s) = 2*s - 4. Let y(u) = -u + 1. Let d(w) = -2*x(w) - 2*y(w). Let a be d(5). Let o = 15 - a. Does 19 divide o?
True
Suppose 0*y = 5*y - 25. Suppose -4*t = -0*f + f - 231, 5*f = -y*t + 300. Does 19 divide t?
True
Let x(z) = 12*z**2 - z. Let d be x(1). Let r = d + 21. Suppose 3*g - r = -2*y - 5, 2*g - 95 = -5*y. Is y a multiple of 7?
True
Suppose 2*q = -l + 6 + 15, 4*l + 48 = 3*q. Suppose g - q = 4. Is g a multiple of 7?
False
Let f(y) = y**2 + 7*y - 4. Let v be (-162)/21 - 4/14. Let a be f(v). Let l = 31 + a. Does 13 divide l?
False
Let q(i) = 8*i - 1 - 3 + 6. Is q(2) a multiple of 9?
True
Is 11 a factor of (-2)/((-2)/(14 + 2))?
False
Let b(n) = -n**3 - 6*n**2 + 5*n - 10. Let g be b(-7). Does 8 divide 95/g + 3/12?
True
Suppose -p - 4*t + 13 = -t, 0 = p + 4*t - 16. Suppose -2*d + 14 = 4*h, 3*d - 8 - 7 = -p*h. Suppose h*b - 35 = -2*n + 15, 4*b - 4*n - 100 = 0. Does 12 divide b?
False
Suppose -4*l + 52 = -128. Is 9 a factor of l?
True
Let p(a) = -a**3 + 6*a**2 + 2*a - 7. Let d be p(6). Suppose -3*g = -d*g + 52. Is g a multiple of 21?
False
Let w = 5 + -3. Let t(x) be the second derivative of x**5/10 + 2*x**3/3 - 3*x**2/2 - x. Is t(w) a multiple of 10?
False
Suppose -q = -4*l + 251, -4*l + 2*q - 107 = -353. Is l a multiple of 16?
True
Suppose -2*x = -2*y + 4, 0 = 2*y + 3*x - x - 8. Suppose y*h = 5*m + 95, -h + 2*h + 5 = 0. Is 13 a factor of 4/m - (-864)/33?
True
Let l = -32 - -56. Is 8 a factor of l?
True
Suppose 0 = -2*d - 2*d + 84. Does 13 divide d?
False
Is -1 - -2 - (4 - 89 - 0) a multiple of 8?
False
Let o = 45 - 31. Suppose -81 = -4*p + 3*u, -3*u + 1 + o = 0. Suppose 0 = h + h - p. Is 11 a factor of h?
False
Is 3 a factor of (30/(-6))/15 - 176/(-6)?
False
Suppose -36 = -4*s - 0*s - 4*n, -4*n = -20. Suppose d - 32 = 2*r, -124 = -3*d + s*r - 18. Does 14 divide d?
True
Let i be (-5 - -2 - -2) + 77. Let a = 48 - i. Let b = 58 + a. Is 13 a factor of b?
False
Let s = 1 - 1. Suppose -14 = -2*j + 28. Is 11 a factor of 0 + j + s + 1?
True
Let p = 4 - 2. Is p/(-6)*(-220 + 1) a multiple of 15?
False
Is (-117)/(-4) - 1/4 a multiple of 13?
False
Let m(r) = 3*r + 7. Let p(a) = a + 2. Let l(h) = 3*m(h) - 8*p(h). Let b be l(-6). Is 8 a factor of ((-20)/30)/(b/33)?
False
Let j(x) = -17*x - 6. Suppose -u = -5*r + 6*r, 0 = -4*u - 5*r + 3. Is j(u) a multiple of 15?
True
Is